 r(p) = -2*p**2 - 5*p. Let b(u) = -u**2 + u + 2. Let a(h) = -3*b(h) + r(h). Calculate a(k).
-6
Let l(k) = -5*k**2 - 9*k + 4. Let n(x) = 9*x**2 + 18*x - 9. Let r(q) = 7*l(q) + 4*n(q). Give r(-9).
-8
Let z(c) = 2*c**3 + 3*c - 6. Let y(j) = -j**3 - j + 3. Let v(t) = -7*y(t) - 3*z(t). Let m(r) = -r**3 + r + 1. Let d(s) = 4*m(s) + 2*v(s). Calculate d(2).
-18
Let v = -10 - -14. Let q(a) = v + 9*a + a + a**2 + 0. Let r be q(-10). Let b(z) = z**2 - 7*z - 4. Determine b(r).
-16
Let y(q) = -3*q - 10. Let o be (-6)/(-14) + 8/14. Let r be o/((-5)/(0 - -5)). Let h be (-1)/(2/(-14))*r. Determine y(h).
11
Let l be -6 - (4/6 - 3/(-9)). Let r(c) = c + 6*c**2 - 8*c + c**3 + 0*c - 7 - 2*c. Determine r(l).
7
Let i(a) = -a**2 - 2*a + 1. Let k be (-96)/30 + 8/(-10). Let m be k/10 + (-2)/(-5) + -4. Calculate i(m).
-7
Let k(n) = -749 + 735 + 4*n**2 - 12*n - 3*n**2. Calculate k(13).
-1
Let b(w) = w**2 + w - 4. Let z be (-405)/7 + (-17)/119. Let f = -168 - z. Let s be 20/f + (-4)/(-22). Give b(s).
-4
Suppose 0 = 4*k + 4*u - 44, -2*k = 3*k + 3*u - 53. Let q(o) = -10*o - 8*o - k*o + 29*o - 5. Give q(0).
-5
Let r(o) = -2*o + 15. Let d(j) be the first derivative of -j**2/2 + 8*j + 37. Let k(g) = -7*d(g) + 4*r(g). Calculate k(-5).
9
Let l(r) = -20*r + 13 + 4*r - 42 - 101*r**2 + 102*r**2 - 10. What is l(19)?
18
Let r(g) = 5*g - 3. Suppose -7*s - 25*s = 64. Calculate r(s).
-13
Let u(f) = 8*f + 16. Let v be u(-3). Let z be (-1)/((-2)/v)*(-35)/28. Let i(a) = a**3 - 5*a**2 + 3*a - 1. Give i(z).
14
Let s be 3*(-4)/(-30)*10. Suppose s*a - 35 = 3*k, -5*a - 4*k = -0*k - 5. Let m(v) = -v**2 + 5*v - 6. Give m(a).
-6
Let f = -260 + 126. Let l = -137 - f. Let h(z) = -2*z - 3. What is h(l)?
3
Let b(s) = s**3 + 6*s**2 + 5*s - 6. Suppose -w = -5*w + 72. Let d = w + -23. Calculate b(d).
-6
Let i(c) = -297*c + 4 + 0 - 3 + 296*c. Give i(2).
-1
Let v(o) = -7 + 76*o + 5 - o**3 - 78*o. Calculate v(-3).
31
Suppose 5 = 2*m - 5. Suppose 3*b + 42 = -5*r, -3*r - 57 = m*b + r. Let w = 13 + b. Let h(f) = -f**2 + 3*f + 5. Determine h(w).
1
Suppose 0*j = 2*j - 4*p - 24, -4*p - 14 = 3*j. Let w(q) = -2*q**j + q**2 + 41*q - 39*q. Let k be (-15)/(-6) - (-2)/4. Calculate w(k).
-3
Let q(o) = 9*o**2 - 21*o. Let x(m) = 5*m**2 - 11*m. Let f(r) = -4*q(r) + 7*x(r). Give f(4).
12
Let h(d) = d**2 + 3*d + 2. Suppose 0*j = 4*j - 16. Let x be j - 6 - 12/(-2). Suppose 0 = -n + 2 - x. Calculate h(n).
0
Let p(q) be the third derivative of q**5/60 + q**4/4 + 7*q**3/6 - 19*q**2 - 1. Suppose -b - 3*x + 0*x = 14, 2*x = 4*b + 14. Give p(b).
2
Let d(l) = -l**2 - 9*l - 9. Let g be (230/35 + -4)*-28. Let p be (-192)/g*18/(-8). Calculate d(p).
9
Let q(l) = l**2 + l + 1. Suppose 2 = -4*i + 3*s, -3*s + 5 = -3*i + 2. Determine q(i).
3
Let s(l) = -l**3 + 2*l**2 - l - 1. Let f(r) = 3*r**3 - 8*r**2 + 5*r + 4. Let p(k) = f(k) + 2*s(k). Suppose -2*d - 3 = -3*d. Determine p(d).
2
Suppose 5*z - 4*d = 13 + 13, 3*z - 4*d = 22. Let t be z + -1 - (-2 - -3). Suppose -2*k - 5 + 3 = t. Let v(o) = 6*o. What is v(k)?
-6
Let a(x) = -42*x + 1. Let i be ((-3)/15)/((-16)/(-5) + -3). Calculate a(i).
43
Let m(o) = -7*o. Let w be m(0). Let v(k) = -k + 16. Give v(w).
16
Suppose -5*i - n = -18, 0 = i + 4*i - 4*n - 3. Let y(z) = -4*z - 3*z - 4*z + 6*z + 2 + 2*z. What is y(i)?
-7
Let l = 419 - 423. Let r(k) = k**3 + 4*k**2 + 2*k - 3. Give r(l).
-11
Let n(m) be the third derivative of 5*m**2 + 0 + 0*m - 1/6*m**3 + 1/12*m**4. Determine n(-1).
-3
Let r(q) = -79*q - 2 - 70*q + 150*q. Give r(2).
0
Let j(s) = s**2 - 10*s - 7. Suppose -7*c - 244 = -314. Calculate j(c).
-7
Let v(o) = -o + 5. Suppose 131*p - 116*p + 210 = 0. What is v(p)?
19
Suppose 17*p - 76 = -2*p. Let q(y) = -y**3 + 5*y**2 - 2*y - 3. Determine q(p).
5
Let g(c) = -c**3 + c**2 - 7. Let v = 1691 - 1691. What is g(v)?
-7
Let p = 13 + -13. Let r be p/7 + (0 - -2). Let z(y) = y - y**r - 9*y**3 + 0*y + 4*y**3 + 1. Give z(-1).
4
Let o(h) = 32*h - 9. Let a(t) = 7*t + 1. Let y(w) = -5*a(w) + o(w). Give y(-8).
10
Let m be (-72)/(-11) + -1*(-42)/(-77). Let g(t) be the third derivative of -1/10*t**5 + 5*t**2 + 0 + 1/24*t**4 + 0*t - 1/120*t**m + 1/6*t**3. What is g(-6)?
-5
Let a be ((-9)/4)/((-6)/24). Suppose -1 - a = -2*h. Let z(f) = h - f + 1 + 7. Give z(6).
7
Let o(s) be the second derivative of -s**4/12 - 7*s**3/6 - s**2 - s. Let t = -2276 + 2268. Determine o(t).
-10
Let q(s) = -2*s + 7. Suppose 5*o - 10 = 5*n, -n = 12*o - 11*o + 10. Determine q(n).
19
Let z(q) = 3*q - 10. Suppose -2*s + 172 - 60 = 0. Let g = 63 - s. Calculate z(g).
11
Suppose -3*k + 8*m - 3*m - 43 = 0, -5*k + 3*m = 45. Let n(x) = -4 + x - 2*x + 3. Let q be n(k). Let u(r) = -2*r - 1. Give u(q).
-11
Let h(y) = y**3 - 14*y**2 + 11*y + 8. Let m = 39 + -26. What is h(m)?
-18
Let z = -509 - -504. Let w(n) = -n**3 - 5*n**2 - n - 2. Give w(z).
3
Suppose 409*g + 100 = 399*g. Let h(b) = -3*b - 1. What is h(g)?
29
Let c = -323 - -317. Let w(p) = p**2 + 6*p - 3. What is w(c)?
-3
Let j(l) = 6*l + 2. Let n be (-7)/2 - (8/(-2))/(-8). Let z(r) = 2*r + 7. Let y(h) = h + 4. Let x(d) = -5*y(d) + 2*z(d). Let c be x(n). Determine j(c).
-10
Let l(o) = o. Let k(w) = -11*w - 2. Let n(h) = -h**2 + 4*h + 2. Let s be n(3). Let a(d) = s*l(d) + k(d). Give a(-2).
10
Let r(j) = j**2 - 87. Let n be r(-9). Let g(i) = i**3 + 6*i**2 + 5. What is g(n)?
5
Let j(h) = -4*h**3 - 4*h - 3. Let l = 467 - 469. Give j(l).
37
Let q = 577 + -567. Let a(o) be the second derivative of q*o - 1/12*o**4 + 7/6*o**3 + 0 - 4*o**2. Give a(6).
-2
Let a be (-1)/(-2) - (-28)/(-8). Let r(k) be the first derivative of -k**2/2 - 135. Calculate r(a).
3
Let h(x) = 4 - 9*x + 11*x**2 + 9*x + x**3 + 10*x + 0*x**3. Give h(-10).
4
Let q(p) = 5*p - 5. Let x = -938 - -940. What is q(x)?
5
Let j(y) = -y**2 - y + 4. Let l(r) = r + 6. Let g be l(6). Suppose 11*x = 15*x - g. Calculate j(x).
-8
Let x(o) = -o**2 - 11*o + 10. Suppose -41 + 8 = 3*s. Calculate x(s).
10
Suppose -16*a - 32 = -24*a. Let n(s) = s**3 - 2*s**2 - 6*s + 3. Give n(a).
11
Suppose 0 = o + 3*o - 60. Suppose -6*m = 4*v - m - 25, -3*m + o = -v. Let g(i) = i + v*i**3 + 3*i**2 - i**3 - 6*i + 6*i. Give g(3).
3
Suppose 5*y - 4*m = -160, 60*m - 57*m = 15. Let l(d) = -d - 30. Calculate l(y).
-2
Suppose 3*h = 2*h - 4. Let g(v) = -v. Let w(o) = 2*o - 1. Let x(d) = h*w(d) - 9*g(d). Let m be (5*12/(-90))/((-2)/(-15)). Give x(m).
-1
Let c(y) be the third derivative of -y**6/120 + 3*y**5/20 - y**4/8 - 83*y**2. Give c(9).
-27
Suppose 0*g - 12 = 3*g. Let r(j) be the third derivative of j**6/120 + j**5/12 + j**4/8 + 5*j**3/6 - j**2 - 140*j. Determine r(g).
9
Let t be ((-1 - 1) + 4)/(-2). Suppose 0 = -3*z - 6 + 12. Let i = t - z. Let y(u) = u**2 - u - 1. Give y(i).
11
Let n(p) = -p**3 - 3*p**2 + p - 1. Suppose -2*y + 5 = -5*s, -s = -6*s + 3*y. Determine n(s).
-4
Let a(h) = 2*h**3 - 46729*h + 93469*h - 1 + 2*h**2 - 46738*h. Suppose -c + 0 = -4*t - 6, -3*c - 16 = 5*t. Determine a(t).
-13
Let g(i) = 4 + 6 - 4 + i. Let o be (-15 - -27)*(-1)/(-3)*-1. What is g(o)?
2
Let u(s) = 2*s - 3. Suppose 3*k - 37 = -5*a - 7, -3*k - 6*a + 33 = 0. Give u(k).
7
Suppose 26 = -5*w + 1. Let l = w + 8. Let y(o) = -o + 1. Let h(b) = 10*b - 2. Let x(g) = h(g) + 5*y(g). What is x(l)?
18
Let w(i) be the second derivative of -i**6/120 + i**5/10 - i**4/12 - i**3/3 + 21*i**2/2 - 4*i. Let u(o) be the first derivative of w(o). Give u(5).
13
Let z(n) = 26*n + 19. Let h(q) = 22*q + 17. Let j(s) = 6*h(s) - 5*z(s). Calculate j(-3).
1
Let z(q) = -q**3 + 7*q**2 + 9*q - 15. Let g be z(8). Let u(c) = c**3 + 8*c**2 + 7*c - 2. Determine u(g).
-2
Let y(l) be the third derivative of -l**6/120 + 7*l**5/60 - l**4/3 + 540*l**2. Give y(6).
-12
Let l(d) = d - 1. Let o(u) = -u**2 + 8*u - 1. Let b be o(9). Let t = b - -13. Let g be 18*((-30)/(-9) - t). Determine l(g).
5
Let s(z) be the first derivative of -4*z + 1/3*z**3 - 7/2*z**2 + 39. Determine s(9).
14
Let n = 84 - 90. Let y(k) be the first derivative of k**2/2 + 14*k + 1. What is y(n)?
8
Let p be ((-6)/(-4))/(33/176). Let v be (-2)/p + (-114)/24. Let j(t) be the third derivative of t**5/60 + 5*t**4/24 + t**3/6 + t**2. What is j(v)?
1
Let a(s) be the third derivative of s**4/8 - s**3/6 - 567*s**2. What is a(-3)?
-10
Let l(d) = -d**3 - 15 - 28*d + 27*d + 0*d**3. Suppose j - 6*j - 4*t = -12, -2*j + 6 = 2*t. Give l(j).
-15
Let y(c) = 7*c**2 - c. Let k be (-2)/(